{"id":19723,"date":"2020-07-10T15:52:25","date_gmt":"2020-07-10T18:52:25","guid":{"rendered":"https:\/\/europa.com.br\/blog\/?page_id=19723"},"modified":"2022-04-06T11:12:42","modified_gmt":"2022-04-06T14:12:42","slug":"home","status":"publish","type":"page","link":"https:\/\/www.institucional.europa.com.br\/blog\/","title":{"rendered":"Home"},"content":{"rendered":"<p>[vc_row bottom_padding=&#8221;50&#8243;][vc_column width=&#8221;1\/2&#8243;][minti_image img=&#8221;19691&#8243; lightbox=&#8221;2&#8243; url=&#8221;https:\/\/europa.com.br\/blog\/diferenca-filtro-e-purificador\/&#8221;][\/vc_column][vc_column column_padding=&#8221;padding-3&#8243; width=&#8221;1\/2&#8243;][minti_headline size=&#8221;fontsize-xxxl&#8221; weight=&#8221;fontweight-700&#8243; lineheight=&#8221;lh-13&#8243; align=&#8221;align-left&#8221;]<a href=\"https:\/\/europa.com.br\/blog\/diferenca-filtro-e-purificador\/\">Conhe\u00e7a as diferen\u00e7as entre filtro e purificador de \u00e1gua<\/a>[\/minti_headline][minti_headline type=&#8221;div&#8221; weight=&#8221;fontweight-300&#8243; align=&#8221;align-left&#8221;]Os filtros e os purificadores de \u00e1gua s\u00e3o aparelhos destinados \u00e0 melhoria da qualidade da \u00e1gua de uso dom\u00e9stico. Eles n\u00e3o s\u00f3 eliminam poss\u00edveis contamina\u00e7\u00f5es que a \u00e1gua tenha sofrido no encanamento da casa, mas tamb\u00e9m alteram o gosto e o odor dessa \u00e1gua.[\/minti_headline][minti_headline type=&#8221;div&#8221; align=&#8221;align-left&#8221;]<a href=\"https:\/\/europa.com.br\/blog\/diferenca-filtro-e-purificador\/\">Leia mais &gt;<\/a>[\/minti_headline][\/vc_column][\/vc_row][vc_row][vc_column width=&#8221;1\/1&#8243;][minti_headline type=&#8221;h2&#8243; size=&#8221;fontsize-xxl&#8221; weight=&#8221;fontweight-600&#8243; align=&#8221;align-left&#8221;]Mais Lidos[\/minti_headline][vc_row_inner][vc_column_inner width=&#8221;1\/3&#8243;][minti_image img=&#8221;20000&#8243;][minti_headline type=&#8221;h2&#8243; size=&#8221;fontsize-l&#8221; lineheight=&#8221;lh-12&#8243; align=&#8221;align-left&#8221;]5 tipos de purificadores de \u00e1gua e seus benef\u00edcios[\/minti_headline][minti_headline type=&#8221;div&#8221; size=&#8221;fontsize-s&#8221; align=&#8221;align-left&#8221;]A \u00e1gua \u00e9 um tema amplo e complexo e assim tamb\u00e9m s\u00e3o os tipos de purificadores. Existem produtos que t\u00eam um sistema de filtragem e purifica\u00e7\u00e3o diferentes de outros. [\/minti_headline][minti_headline type=&#8221;div&#8221; size=&#8221;fontsize-s&#8221; align=&#8221;align-left&#8221;]<a href=\"https:\/\/europa.com.br\/blog\/tipos-de-purificadores\/&quot;\">Leia mais &gt;<\/a>[\/minti_headline][\/vc_column_inner][vc_column_inner width=&#8221;1\/3&#8243;][minti_image img=&#8221;20045&#8243;][minti_headline type=&#8221;h2&#8243; size=&#8221;fontsize-l&#8221; lineheight=&#8221;lh-12&#8243; align=&#8221;align-left&#8221;]Como o \u00e1lcool desidrata o corpo?[\/minti_headline][minti_headline type=&#8221;div&#8221; size=&#8221;fontsize-s&#8221; align=&#8221;align-left&#8221;]A princ\u00edpio, nos primeiros goles, o \u00e1lcool ingerido vai para o est\u00f4mago. Logo depois, ele \u00e9 absorvido e come\u00e7a a viajar pelo corpo por meio da corrente sangu\u00ednea. [\/minti_headline][minti_headline type=&#8221;div&#8221; size=&#8221;fontsize-s&#8221; align=&#8221;align-left&#8221;]<a href=\"https:\/\/europa.com.br\/blog\/como-o-alcool-desidrata-o-corpo\/\/\">Leia mais &gt;<\/a>[\/minti_headline][\/vc_column_inner][vc_column_inner width=&#8221;1\/3&#8243;][minti_image img=&#8221;19836&#8243;][minti_headline type=&#8221;h2&#8243; size=&#8221;fontsize-l&#8221; lineheight=&#8221;lh-12&#8243; align=&#8221;align-left&#8221;]Consumo do purificador refrigerado: mitos e fatos[\/minti_headline][minti_headline type=&#8221;div&#8221; size=&#8221;fontsize-s&#8221; align=&#8221;align-left&#8221;]A princ\u00edpio, sabemos que os os equipamentos que resfriam ou esquentam t\u00eam fama de gast\u00f5es. Por isso, existe uma preocupa\u00e7\u00e3o com o alto consumo de energia. [\/minti_headline][minti_headline type=&#8221;div&#8221; size=&#8221;fontsize-s&#8221; align=&#8221;align-left&#8221;]<a href=\"https:\/\/europa.com.br\/blog\/consumo-do-purificador-de-agua-refrigerado\/\">Leia mais &gt;<\/a>[\/minti_headline][\/vc_column_inner][\/vc_row_inner][\/vc_column][\/vc_row][vc_row top_padding=&#8221;50&#8243; bottom_padding=&#8221;50&#8243;][vc_column width=&#8221;1\/1&#8243;][minti_image img=&#8221;20152&#8243; lightbox=&#8221;2&#8243; url=&#8221;https:\/\/europa.com.br\/onde-encontrar\/trocou-ganhou&#8221; align=&#8221;center&#8221;][\/vc_column][\/vc_row][vc_row][vc_column width=&#8221;1\/1&#8243;][minti_headline type=&#8221;h2&#8243; size=&#8221;fontsize-xxl&#8221; weight=&#8221;fontweight-600&#8243; align=&#8221;align-left&#8221;]Principais preocupa\u00e7\u00f5es[\/minti_headline][vc_row_inner][vc_column_inner width=&#8221;1\/3&#8243;][minti_image img=&#8221;20021&#8243;][minti_headline type=&#8221;h2&#8243; size=&#8221;fontsize-l&#8221; lineheight=&#8221;lh-12&#8243; align=&#8221;align-left&#8221;]Purificador parou de gelar? Descubra o porqu\u00ea.[\/minti_headline][minti_headline type=&#8221;div&#8221; size=&#8221;fontsize-s&#8221; align=&#8221;align-left&#8221;]Seu purificador parou de gelar de repente? Antes de mais nada, saiba que isso n\u00e3o \u00e9 necessariamente o sinal de um defeito do aparelho. [\/minti_headline][minti_headline type=&#8221;div&#8221; size=&#8221;fontsize-s&#8221; align=&#8221;align-left&#8221;]<a href=\"https:\/\/europa.com.br\/blog\/purificador-parou-de-gelar\/\">Leia mais &gt;<\/a>[\/minti_headline][\/vc_column_inner][vc_column_inner width=&#8221;1\/3&#8243;][minti_image img=&#8221;19985&#8243;][minti_headline type=&#8221;h2&#8243; size=&#8221;fontsize-l&#8221; lineheight=&#8221;lh-12&#8243; align=&#8221;align-left&#8221;]Barulho no purificador: o que pode ser?[\/minti_headline][minti_headline type=&#8221;div&#8221; size=&#8221;fontsize-s&#8221; align=&#8221;align-left&#8221;]Voc\u00ea j\u00e1 notou algum barulho no purificador de \u00e1gua? Muitas vezes, pode parecer estranho e at\u00e9 gerar a d\u00favida se \u00e9 um ind\u00edcio de algum problema.[\/minti_headline][minti_headline type=&#8221;div&#8221; size=&#8221;fontsize-s&#8221; align=&#8221;align-left&#8221;]<a href=\"https:\/\/europa.com.br\/blog\/barulho-no-purificador-de-agua\/\">Leia mais &gt;<\/a>[\/minti_headline][\/vc_column_inner][vc_column_inner width=&#8221;1\/3&#8243;][minti_image img=&#8221;19953&#8243;][minti_headline type=&#8221;h2&#8243; size=&#8221;fontsize-l&#8221; lineheight=&#8221;lh-12&#8243; align=&#8221;align-left&#8221;]Qualidade ideal da \u00e1gua: conhe\u00e7a os crit\u00e9rios.[\/minti_headline][minti_headline type=&#8221;div&#8221; size=&#8221;fontsize-s&#8221; align=&#8221;align-left&#8221;]Existem padr\u00f5es estabelecidos que devem ser seguidos para que voc\u00ea e sua fam\u00edlia possam se hidratar com seguran\u00e7a.[\/minti_headline][minti_headline type=&#8221;div&#8221; size=&#8221;fontsize-s&#8221; align=&#8221;align-left&#8221;]<a href=\"https:\/\/europa.com.br\/blog\/qualidade-ideal-da-agua\/\">Leia mais &gt;<\/a>[\/minti_headline][\/vc_column_inner][\/vc_row_inner][\/vc_column][\/vc_row]<\/p>\n","protected":false},"excerpt":{"rendered":"<p>[vc_row bottom_padding=&#8221;50&#8243;][vc_column width=&#8221;1\/2&#8243;][minti_image img=&#8221;19691&#8243; lightbox=&#8221;2&#8243; url=&#8221;https:\/\/europa.com.br\/blog\/diferenca-filtro-e-purificador\/&#8221;][\/vc_column][vc_column column_padding=&#8221;padding-3&#8243; width=&#8221;1\/2&#8243;][minti_headline size=&#8221;fontsize-xxxl&#8221; weight=&#8221;fontweight-700&#8243; lineheight=&#8221;lh-13&#8243; align=&#8221;align-left&#8221;]Conhe\u00e7a as diferen\u00e7as entre filtro e purificador de \u00e1gua[\/minti_headline][minti_headline type=&#8221;div&#8221; weight=&#8221;fontweight-300&#8243; align=&#8221;align-left&#8221;]Os filtros e os purificadores de \u00e1gua s\u00e3o aparelhos destinados \u00e0 melhoria da qualidade da \u00e1gua de uso dom\u00e9stico. Eles n\u00e3o s\u00f3 eliminam poss\u00edveis contamina\u00e7\u00f5es que a \u00e1gua tenha sofrido no encanamento da casa, mas tamb\u00e9m alteram o gosto e o odor dessa \u00e1gua.[\/minti_headline][minti_headline type=&#8221;div&#8221; align=&#8221;align-left&#8221;]Leia mais &gt;[\/minti_headline][\/vc_column][\/vc_row][vc_row][vc_column width=&#8221;1\/1&#8243;][minti_headline type=&#8221;h2&#8243; size=&#8221;fontsize-xxl&#8221; weight=&#8221;fontweight-600&#8243; align=&#8221;align-left&#8221;]Mais Lidos[\/minti_headline][vc_row_inner][vc_column_inner width=&#8221;1\/3&#8243;][minti_image img=&#8221;20000&#8243;][minti_headline type=&#8221;h2&#8243; size=&#8221;fontsize-l&#8221; lineheight=&#8221;lh-12&#8243; align=&#8221;align-left&#8221;]5 tipos de purificadores de \u00e1gua e seus benef\u00edcios[\/minti_headline][minti_headline type=&#8221;div&#8221; size=&#8221;fontsize-s&#8221; align=&#8221;align-left&#8221;]A \u00e1gua \u00e9 um tema amplo e complexo e assim tamb\u00e9m s\u00e3o os tipos de purificadores. Existem produtos que t\u00eam um sistema de filtragem e purifica\u00e7\u00e3o diferentes de outros. [\/minti_headline][minti_headline type=&#8221;div&#8221; size=&#8221;fontsize-s&#8221; align=&#8221;align-left&#8221;]Leia mais &gt;[\/minti_headline][\/vc_column_inner][vc_column_inner width=&#8221;1\/3&#8243;][minti_image img=&#8221;20045&#8243;][minti_headline type=&#8221;h2&#8243; size=&#8221;fontsize-l&#8221; lineheight=&#8221;lh-12&#8243; align=&#8221;align-left&#8221;]Como o \u00e1lcool desidrata o corpo?[\/minti_headline][minti_headline type=&#8221;div&#8221; size=&#8221;fontsize-s&#8221; align=&#8221;align-left&#8221;]A princ\u00edpio, nos primeiros goles, o \u00e1lcool ingerido vai para o est\u00f4mago. Logo depois, ele \u00e9 absorvido e come\u00e7a a viajar pelo corpo por meio da corrente sangu\u00ednea. [\/minti_headline][minti_headline type=&#8221;div&#8221; size=&#8221;fontsize-s&#8221; align=&#8221;align-left&#8221;]Leia mais &gt;[\/minti_headline][\/vc_column_inner][vc_column_inner width=&#8221;1\/3&#8243;][minti_image img=&#8221;19836&#8243;][minti_headline type=&#8221;h2&#8243; size=&#8221;fontsize-l&#8221; lineheight=&#8221;lh-12&#8243; align=&#8221;align-left&#8221;]Consumo do purificador refrigerado: mitos e fatos[\/minti_headline][minti_headline type=&#8221;div&#8221; size=&#8221;fontsize-s&#8221; align=&#8221;align-left&#8221;]A princ\u00edpio, sabemos que os os equipamentos que resfriam ou esquentam t\u00eam [&hellip;]<\/p>\n","protected":false},"author":3,"featured_media":0,"parent":0,"menu_order":0,"comment_status":"closed","ping_status":"closed","template":"","meta":{"footnotes":""},"yoast_head":"<!-- This site is optimized with the Yoast SEO plugin v21.7 - https:\/\/yoast.com\/wordpress\/plugins\/seo\/ -->\n<title>Blog Europa | Tudo Sobre o Mundo dos Purificadores de \u00c1gua<\/title>\n<meta name=\"description\" content=\"Aqui voc\u00ea encontrar\u00e1 tudo sobre o mundo dos purificadores de \u00e1gua, curiosidades, novidades, \u00faltimos lan\u00e7amentos do mercado e mais.\" \/>\n<meta name=\"robots\" content=\"index, follow, max-snippet:-1, max-image-preview:large, max-video-preview:-1\" \/>\n<link rel=\"canonical\" href=\"https:\/\/www.institucional.europa.com.br\/blog\/\" \/>\n<meta property=\"og:locale\" content=\"pt_BR\" \/>\n<meta property=\"og:type\" content=\"article\" \/>\n<meta property=\"og:title\" content=\"Blog Europa | Tudo Sobre o Mundo dos Purificadores de \u00c1gua\" \/>\n<meta property=\"og:description\" content=\"Aqui voc\u00ea encontrar\u00e1 tudo sobre o mundo dos purificadores de \u00e1gua, curiosidades, novidades, \u00faltimos lan\u00e7amentos do mercado e mais.\" \/>\n<meta property=\"og:url\" content=\"https:\/\/www.institucional.europa.com.br\/blog\/\" \/>\n<meta property=\"og:site_name\" content=\"Europa\" \/>\n<meta property=\"article:publisher\" content=\"https:\/\/www.facebook.com\/europapurificadores\" \/>\n<meta property=\"article:modified_time\" content=\"2022-04-06T14:12:42+00:00\" \/>\n<meta name=\"twitter:card\" content=\"summary_large_image\" \/>\n<meta name=\"twitter:label1\" content=\"Est. tempo de leitura\" \/>\n\t<meta name=\"twitter:data1\" content=\"2 minutos\" \/>\n<script type=\"application\/ld+json\" class=\"yoast-schema-graph\">{\"@context\":\"https:\/\/schema.org\",\"@graph\":[{\"@type\":\"WebPage\",\"@id\":\"https:\/\/www.institucional.europa.com.br\/blog\/\",\"url\":\"https:\/\/www.institucional.europa.com.br\/blog\/\",\"name\":\"Blog Europa | Tudo Sobre o Mundo dos Purificadores de \u00c1gua\",\"isPartOf\":{\"@id\":\"https:\/\/www.institucional.europa.com.br\/blog\/#website\"},\"datePublished\":\"2020-07-10T18:52:25+00:00\",\"dateModified\":\"2022-04-06T14:12:42+00:00\",\"description\":\"Aqui voc\u00ea encontrar\u00e1 tudo sobre o mundo dos purificadores de \u00e1gua, curiosidades, novidades, \u00faltimos lan\u00e7amentos do mercado e mais.\",\"breadcrumb\":{\"@id\":\"https:\/\/www.institucional.europa.com.br\/blog\/#breadcrumb\"},\"inLanguage\":\"pt-BR\",\"potentialAction\":[{\"@type\":\"ReadAction\",\"target\":[\"https:\/\/www.institucional.europa.com.br\/blog\/\"]}]},{\"@type\":\"BreadcrumbList\",\"@id\":\"https:\/\/www.institucional.europa.com.br\/blog\/#breadcrumb\",\"itemListElement\":[{\"@type\":\"ListItem\",\"position\":1,\"name\":\"In\u00edcio\",\"item\":\"https:\/\/www.institucional.europa.com.br\/blog\/\"},{\"@type\":\"ListItem\",\"position\":2,\"name\":\"Home\"}]},{\"@type\":\"WebSite\",\"@id\":\"https:\/\/www.institucional.europa.com.br\/blog\/#website\",\"url\":\"https:\/\/www.institucional.europa.com.br\/blog\/\",\"name\":\"Purificadores Europa\",\"description\":\"O mundo precisa de mais pureza\",\"publisher\":{\"@id\":\"https:\/\/www.institucional.europa.com.br\/blog\/#organization\"},\"potentialAction\":[{\"@type\":\"SearchAction\",\"target\":{\"@type\":\"EntryPoint\",\"urlTemplate\":\"https:\/\/www.institucional.europa.com.br\/blog\/?s={search_term_string}\"},\"query-input\":\"required name=search_term_string\"}],\"inLanguage\":\"pt-BR\"},{\"@type\":\"Organization\",\"@id\":\"https:\/\/www.institucional.europa.com.br\/blog\/#organization\",\"name\":\"Purificadores Europa\",\"url\":\"https:\/\/www.institucional.europa.com.br\/blog\/\",\"logo\":{\"@type\":\"ImageObject\",\"inLanguage\":\"pt-BR\",\"@id\":\"https:\/\/www.institucional.europa.com.br\/blog\/#\/schema\/logo\/image\/\",\"url\":\"https:\/\/europa.com.br\/blog\/wp-content\/uploads\/2018\/08\/logo.png\",\"contentUrl\":\"https:\/\/europa.com.br\/blog\/wp-content\/uploads\/2018\/08\/logo.png\",\"width\":200,\"height\":49,\"caption\":\"Purificadores Europa\"},\"image\":{\"@id\":\"https:\/\/www.institucional.europa.com.br\/blog\/#\/schema\/logo\/image\/\"},\"sameAs\":[\"https:\/\/www.facebook.com\/europapurificadores\",\"https:\/\/www.instagram.com\/purificadoreseuropa_oficial\/\",\"https:\/\/www.youtube.com\/channel\/UCp62KWK-tLexf61dOiO3ZaQ\"]}]}<\/script>\n<!-- \/ Yoast SEO plugin. -->","yoast_head_json":{"title":"Blog Europa | Tudo Sobre o Mundo dos Purificadores de \u00c1gua","description":"Aqui voc\u00ea encontrar\u00e1 tudo sobre o mundo dos purificadores de \u00e1gua, curiosidades, novidades, \u00faltimos lan\u00e7amentos do mercado e mais.","robots":{"index":"index","follow":"follow","max-snippet":"max-snippet:-1","max-image-preview":"max-image-preview:large","max-video-preview":"max-video-preview:-1"},"canonical":"https:\/\/www.institucional.europa.com.br\/blog\/","og_locale":"pt_BR","og_type":"article","og_title":"Blog Europa | Tudo Sobre o Mundo dos Purificadores de \u00c1gua","og_description":"Aqui voc\u00ea encontrar\u00e1 tudo sobre o mundo dos purificadores de \u00e1gua, curiosidades, novidades, \u00faltimos lan\u00e7amentos do mercado e mais.","og_url":"https:\/\/www.institucional.europa.com.br\/blog\/","og_site_name":"Europa","article_publisher":"https:\/\/www.facebook.com\/europapurificadores","article_modified_time":"2022-04-06T14:12:42+00:00","twitter_card":"summary_large_image","twitter_misc":{"Est. tempo de leitura":"2 minutos"},"schema":{"@context":"https:\/\/schema.org","@graph":[{"@type":"WebPage","@id":"https:\/\/www.institucional.europa.com.br\/blog\/","url":"https:\/\/www.institucional.europa.com.br\/blog\/","name":"Blog Europa | Tudo Sobre o Mundo dos Purificadores de \u00c1gua","isPartOf":{"@id":"https:\/\/www.institucional.europa.com.br\/blog\/#website"},"datePublished":"2020-07-10T18:52:25+00:00","dateModified":"2022-04-06T14:12:42+00:00","description":"Aqui voc\u00ea encontrar\u00e1 tudo sobre o mundo dos purificadores de \u00e1gua, curiosidades, novidades, \u00faltimos lan\u00e7amentos do mercado e mais.","breadcrumb":{"@id":"https:\/\/www.institucional.europa.com.br\/blog\/#breadcrumb"},"inLanguage":"pt-BR","potentialAction":[{"@type":"ReadAction","target":["https:\/\/www.institucional.europa.com.br\/blog\/"]}]},{"@type":"BreadcrumbList","@id":"https:\/\/www.institucional.europa.com.br\/blog\/#breadcrumb","itemListElement":[{"@type":"ListItem","position":1,"name":"In\u00edcio","item":"https:\/\/www.institucional.europa.com.br\/blog\/"},{"@type":"ListItem","position":2,"name":"Home"}]},{"@type":"WebSite","@id":"https:\/\/www.institucional.europa.com.br\/blog\/#website","url":"https:\/\/www.institucional.europa.com.br\/blog\/","name":"Purificadores Europa","description":"O mundo precisa de mais pureza","publisher":{"@id":"https:\/\/www.institucional.europa.com.br\/blog\/#organization"},"potentialAction":[{"@type":"SearchAction","target":{"@type":"EntryPoint","urlTemplate":"https:\/\/www.institucional.europa.com.br\/blog\/?s={search_term_string}"},"query-input":"required name=search_term_string"}],"inLanguage":"pt-BR"},{"@type":"Organization","@id":"https:\/\/www.institucional.europa.com.br\/blog\/#organization","name":"Purificadores Europa","url":"https:\/\/www.institucional.europa.com.br\/blog\/","logo":{"@type":"ImageObject","inLanguage":"pt-BR","@id":"https:\/\/www.institucional.europa.com.br\/blog\/#\/schema\/logo\/image\/","url":"https:\/\/europa.com.br\/blog\/wp-content\/uploads\/2018\/08\/logo.png","contentUrl":"https:\/\/europa.com.br\/blog\/wp-content\/uploads\/2018\/08\/logo.png","width":200,"height":49,"caption":"Purificadores Europa"},"image":{"@id":"https:\/\/www.institucional.europa.com.br\/blog\/#\/schema\/logo\/image\/"},"sameAs":["https:\/\/www.facebook.com\/europapurificadores","https:\/\/www.instagram.com\/purificadoreseuropa_oficial\/","https:\/\/www.youtube.com\/channel\/UCp62KWK-tLexf61dOiO3ZaQ"]}]}},"_links":{"self":[{"href":"https:\/\/www.institucional.europa.com.br\/blog\/wp-json\/wp\/v2\/pages\/19723"}],"collection":[{"href":"https:\/\/www.institucional.europa.com.br\/blog\/wp-json\/wp\/v2\/pages"}],"about":[{"href":"https:\/\/www.institucional.europa.com.br\/blog\/wp-json\/wp\/v2\/types\/page"}],"author":[{"embeddable":true,"href":"https:\/\/www.institucional.europa.com.br\/blog\/wp-json\/wp\/v2\/users\/3"}],"replies":[{"embeddable":true,"href":"https:\/\/www.institucional.europa.com.br\/blog\/wp-json\/wp\/v2\/comments?post=19723"}],"version-history":[{"count":0,"href":"https:\/\/www.institucional.europa.com.br\/blog\/wp-json\/wp\/v2\/pages\/19723\/revisions"}],"wp:attachment":[{"href":"https:\/\/www.institucional.europa.com.br\/blog\/wp-json\/wp\/v2\/media?parent=19723"}],"curies":[{"name":"wp","href":"https:\/\/api.w.org\/{rel}","templated":true}]}}